. Calculate the highest common divisor of 72 and c.
24
Suppose 12*k = -8*k - 80. Let z(c) = -5*c - 3*c + 0*c + 3. Let s be z(k). Calculate the highest common divisor of 14 and s.
7
Let t = -194 - -209. What is the highest common factor of t and 45?
15
Suppose k = 4*r - 69, 3*r = r - 4*k + 12. Suppose 13*s - r*s + 39 = 0. Calculate the greatest common factor of 39 and s.
13
Let j = 26 - -315. What is the greatest common factor of 31 and j?
31
Let d(z) = z**2 - 17*z - 62. Let w be d(20). Let n(c) = c**3 + 2*c**2 + 1. Let a be n(-2). Let k be 90/20 - a/w. What is the highest common factor of k and 5?
5
Let p(u) = 5*u**3 - u**2 + u - 2. Let w be p(2). Suppose 0*j + w = 2*j - 3*x, 2*x + 49 = 3*j. What is the highest common divisor of j and 105?
15
Let r be 0/2 - (5 + -6). Suppose 0 = -2*f + r + 7. Suppose f*i - 16 = 2*i. What is the greatest common divisor of 2 and i?
2
Let i(n) = n**2 + 2*n - 7. Let h be i(-6). Let m = 28 + -246. Let q = 252 + m. What is the highest common factor of h and q?
17
Let u(z) = 2*z + 8. Let m be u(8). Suppose m = s + 6. Let v = -13 + s. Calculate the greatest common factor of v and 45.
5
Let r(l) = -l**2 - 21*l + 39. Suppose b = -b - 44. Let s be r(b). What is the highest common divisor of s and 51?
17
Suppose 4*n - 59 = 25. Let h be 1/2 + (-58)/4. Let f be (2*-7)/(h/n). What is the greatest common factor of 21 and f?
21
Let n be 3 + (-7)/3 + (-291)/(-9). What is the highest common factor of n and 165?
33
Let i(g) = -10*g**3 - 6*g**2 - 16*g - 64. Let x be i(-4). Calculate the greatest common factor of 16 and x.
16
Let i(s) = 11*s - 7. Suppose -5 = 13*j - 31. Let f be i(j). Calculate the highest common divisor of f and 5.
5
Let u be (1 + 0)*-1 - (-116 + 5). Calculate the highest common factor of 70 and u.
10
Let v(z) = 25*z**3 + 4*z**2 - z - 4. Let b be v(2). Suppose 3*j - 39 = -4*n + 61, b = 5*j - 2*n. Calculate the greatest common factor of 5 and j.
5
Let o(l) = 22*l + 1. Let u(v) = -44*v - 2. Let x(b) = -13*o(b) - 6*u(b). Let f be x(-1). Let s = -157 + 241. What is the highest common factor of s and f?
21
Suppose 2*u - 5922 = -16*u. What is the greatest common factor of u and 141?
47
Let h(d) = -d**2 + 16. Let y be h(0). Let c(a) = 3*a**2 + 2*a. Let i be c(-8). What is the greatest common factor of y and i?
16
Let i(s) = s**3 - 2*s**2 - 17*s + 13. Suppose -15*q = -19*q + 24. Let m be i(q). Calculate the greatest common divisor of m and 22.
11
Let j(g) = g**3 - 24*g**2 + 26*g + 6. Let t be j(23). What is the highest common divisor of 100 and t?
25
Let c = 2727 + -1813. What is the greatest common divisor of 2 and c?
2
Let z = 127 - 117. Calculate the greatest common divisor of z and 470.
10
Let o(k) = k**3 + 12*k**2 + 6*k - 16. Let s(g) = 3*g - 32. Let r be s(7). Let x be o(r). What is the greatest common divisor of 26 and x?
13
Let p(c) = 3*c - 5*c + 5 - 3. Let h be p(-2). Calculate the greatest common factor of h and 2.
2
Suppose -b - 2*b + 9 = 0. Suppose 5*g + 80 = 5*i, -b*g = 6*i - i - 72. Suppose -i = -f - 0*f. What is the greatest common divisor of f and 15?
15
Let s = 12 + -6. Let c be 149/3 + 2/s. Suppose -o + 12 + c = 4*w, 0 = -w + 3*o + 22. Calculate the greatest common factor of 176 and w.
16
Let k be 1/4 - (-3110)/40. Let s = k + -51. Calculate the highest common divisor of 135 and s.
27
Let p be ((-297)/(-44))/(1/(-4)). Let s be p*4/(0 - 4). Calculate the highest common factor of 3 and s.
3
Suppose 327*g - 664 = 3260. Suppose 47 = 4*k - 73. Calculate the highest common factor of g and k.
6
Let b(d) = 4 + 8 - 3 - 2*d + 3. Let a be b(6). Suppose -4 = -4*v - a*v. What is the greatest common divisor of v and 3?
1
Suppose 34*x = 65*x - 23064. What is the greatest common factor of x and 24?
24
Let p(n) = -n**2 + 29*n - 105. Let x be p(23). Suppose h + r - 16 = 0, -34 = -4*h - 0*h + 2*r. Let d = h - -11. What is the greatest common factor of x and d?
11
Let f(u) = 284*u**2 - 9*u + 2. Let z be f(-4). Calculate the greatest common factor of z and 58.
58
Let c be 6 - (1 + -4 + -61). Calculate the greatest common divisor of c and 28.
14
Let q = 4106 + -4098. Let a(m) = 25*m - 3. Let b be a(3). What is the greatest common factor of b and q?
8
Let r = -57 - -134. Suppose -13 = -4*k - 4*j - r, -5*j = 3*k + 42. Let w = k - -43. Calculate the highest common divisor of w and 16.
8
Suppose s - 353 = -4*x - 0*x, -439 = -5*x + s. Suppose 0*l = -2*l + 3*h + 191, 4*h = l - x. Calculate the greatest common divisor of 20 and l.
20
Let f be (-4*9)/((-4)/((-16)/(-8))). Calculate the highest common factor of f and 81.
9
Suppose 1460 = 16*n - 92. Let g = -49 + n. What is the highest common factor of 16 and g?
16
Let w(g) = 327*g**2 - 5*g + 2. Let m be w(1). What is the greatest common factor of 90 and m?
18
Let b(l) = -l + 1. Let v(j) = -j**2 - 3*j + 8. Let k(c) = b(c) - v(c). Let a be k(-4). Suppose 7*t - 55 = 2*t. Calculate the highest common factor of t and a.
1
Let j = -36 - -33. Let o be 4 + j + -4 + 20. Calculate the greatest common divisor of o and 51.
17
Let g(i) = -17*i**3 - 24*i - 24. Let j be g(-1). Let n = -52 - -103. Calculate the highest common divisor of j and n.
17
Let s = 8 + 4. Let x be (3/5 - -1)/((-47)/(-2820)). What is the highest common divisor of x and s?
12
Suppose 14*d = 10*d + 124. Suppose -43 = -x - d. What is the greatest common factor of 12 and x?
12
Let v(f) = f**3 + 10*f**2 + 8*f + 13. Let s be v(-9). Let m be (4 - -2*s)*1. Calculate the greatest common factor of 12 and m.
12
Let v be (-3)/(5/(20/(-6))). Suppose -o + 4*f = -5*o + 48, 32 = 2*o - v*f. What is the highest common factor of 42 and o?
14
Suppose v = n - 21 - 12, 0 = 4*n + v - 147. What is the highest common divisor of 36 and n?
36
Let f = 3 + 4. Suppose q = 2*g + 41, 169 = 5*q + 2*g - 0. Calculate the highest common factor of q and f.
7
Let q(a) = -5*a + 78. Let d be q(11). Calculate the greatest common factor of d and 92.
23
Let z be (-1146)/(-24) - 2/(-8). What is the greatest common divisor of z and 552?
24
Let w(h) = h**3 + 6*h**2 - h + 14. Let t be w(-6). Let b = -22 - -9. Let j = -3 - b. What is the highest common factor of j and t?
10
Let z(g) = g + 9. Let c be z(-9). Let d be 12/((-4)/2) + c. Let j be (d/(-4))/((-39)/(-104)). Calculate the greatest common factor of j and 16.
4
Suppose 4*c = 5*c - 3*h - 25, 49 = 4*c + 5*h. What is the highest common divisor of c and 16?
16
Let a(q) = 2*q**3 - 4*q**2 - 4*q + 7. Let c be a(4). Calculate the highest common factor of 15 and c.
5
Let a be 107/4 + (-2)/(-8). Suppose -3*q + a = -24. What is the highest common divisor of q and 51?
17
Let o(h) = -h**3 + 54*h**2 - 95*h - 446. Let u be o(52). Calculate the highest common divisor of u and 671.
11
Let i(l) = 6*l**2 + 0 - l**3 - 2*l + 0 - 1. Let k be i(5). Calculate the greatest common factor of 112 and k.
14
Suppose 15 - 135 = -6*b. Let g = -17 + b. What is the greatest common divisor of 3 and g?
3
Let t = -23 - -192. Calculate the highest common divisor of 91 and t.
13
Suppose -11 = -48*v + 85. Calculate the greatest common factor of v and 166.
2
Let f = 328 + -136. Suppose -157 = -15*u + 203. What is the greatest common divisor of f and u?
24
Let d(n) = n**3 + 6*n**2 - 11*n + 5. Let f be d(-4). What is the highest common divisor of 1539 and f?
81
Let b(d) = -4*d + 18. Let i be b(6). Let j = 66 + i. Calculate the highest common factor of 10 and j.
10
Suppose -12390 = 40*c - 45*c. Calculate the highest common factor of 118 and c.
118
Let w(p) = -20*p**3 - 2*p + 4. Let l be w(-2). Calculate the greatest common divisor of l and 252.
84
Suppose 0 = 2*w - 160 + 4. Suppose 97 = 5*a - w. Let j = 52 - a. Calculate the highest common divisor of j and 153.
17
Let i = 15 - 19. Let r be 1 + (5*i)/(-4). Suppose 0*t + 9 = -3*t, 2*h + 5*t - 21 = 0. Calculate the greatest common divisor of r and h.
6
Suppose 38 = -u + 100. Let y = -4 + u. Calculate the highest common factor of y and 522.
58
Suppose 0 = l + 4*t + 6 - 32, t = 2*l - 97. Let u be 2/(-12) + 149100/360. Calculate the highest common divisor of l and u.
46
Let r(h) = h**3 + 12*h**2 + 6*h - 7. Suppose 8*m - 3*m + 58 = -v, v = -3. Let y be r(m). Suppose 2*w - y = 126. What is the greatest common divisor of 29 and w?
29
Suppose -2*u + 87 = -7*f + 12*f, -4*u = 16. Calculate the highest common factor of 